 l?
6
Suppose -4*k = 0, -10 = -5*z - k - k. Suppose z*w = 6 + 2. What is the units digit of w?
4
Let q(d) be the second derivative of -d**4/12 + 7*d**3/6 - d**2/2 + d. What is the units digit of q(6)?
5
Suppose -197 = -4*g - 4*j - 5, 3*j = g - 56. What is the units digit of g?
0
Let m = -1 - 0. Let a = m - -7. Suppose 0*k - a = -k. What is the units digit of k?
6
Let f(t) = t**2 - t - 1. Suppose 22 = -3*c - 4*h - 4, -5*c - h = 15. Let o be f(c). Let p(k) = -k**2 + 6*k - 2. What is the units digit of p(o)?
3
Suppose 0*g - 2*g = 5*c - 70, g = -2*c + 37. What is the units digit of g?
5
Let g = 25 - -8. What is the units digit of g?
3
What is the units digit of (-10)/(-8) + 478/8?
1
Let b = 18 + -68. Let k = -26 - b. What is the tens digit of k?
2
Let j be 32/(-10) - 2/(-10). What is the units digit of j/((-6)/(-7) - 1)?
1
Let d(p) = 3*p**2 - 8*p - 10. Let w be d(-5). Suppose 4*b - 104 = -4*k, -3*k = 4*b - 0*k - w. What is the units digit of b?
7
Suppose 2*g - 2*t + 21 = 3*g, g - 4*t - 21 = 0. What is the tens digit of g?
2
Suppose -5*p - 625 = -6*a + 5*a, 2*a = p + 134. Let h = p + 179. What is the units digit of h?
5
Suppose 7*w - 2540 = -3*w. What is the hundreds digit of w?
2
Let u = 29 - 30. What is the units digit of (2 - 16)*u/2?
7
Let h be (-2)/4 - (-42)/(-12). Let z = h - -7. Let m = z - -1. What is the units digit of m?
4
Let w = -29 - -37. What is the units digit of w?
8
Suppose 0 = 2*w + 10, -2*w = 2*t - 3*w - 91. What is the tens digit of t?
4
Let t be 4/(-2) + -1 - -9. Suppose 48 = -3*y + t*y. What is the tens digit of y?
1
Suppose -3*n = m + 3*m - 106, -2*m = 3*n - 104. What is the tens digit of n?
3
Let c(k) = 65*k - 3. What is the hundreds digit of c(2)?
1
Let w = 8 + -6. Suppose 0*l = -w*l + 2*t + 30, 5*l = -4*t + 57. What is the units digit of l?
3
Let y be 14 + 0 + (1 - 4). Let v = 36 - y. What is the tens digit of v?
2
Let o(y) = y. What is the units digit of o(6)?
6
Suppose 5*y - 7*y + 6 = 0. Suppose 0 = -l + y + 9. What is the tens digit of l?
1
Let u = 29 + -4. What is the tens digit of u?
2
Let h = 13 - 20. What is the units digit of (-54)/h + (-6)/(-21)?
8
Suppose 0 = 4*k - 18 + 142. Let d = -9 - k. What is the units digit of d?
2
Let l(z) = z**2 - 4*z + 2. Let r be l(4). Suppose -3*n = -4*c - 47, -r*n + 4*n - 5*c - 36 = 0. What is the units digit of n?
3
Let w = 26 + 9. What is the tens digit of w?
3
Suppose -3*u + 133 = 4*q, -2*q + 5*u - 29 = -3*q. Let t = q + -20. What is the tens digit of t?
1
Let c = -13 + 49. What is the tens digit of c?
3
Suppose -4*c + l + 247 = -4*l, 4*l = 4*c - 248. What is the units digit of c?
3
Let l be (-62)/(-10) - (-4)/(-20). Suppose -b + 5 = -l. What is the units digit of b?
1
Suppose -3*a + a + 30 = 0. What is the tens digit of a?
1
Let p be 0 - (0 - 0) - -2. Suppose f = -p*f + 18. Suppose 0 = -v + f. What is the units digit of v?
6
Suppose w + 4*n = 376, -1180 = 2*w - 5*w + n. What is the hundreds digit of w?
3
What is the units digit of -1*-122*(-3)/(-6)?
1
Suppose 0 = -2*x - 2, q - 3*q = 3*x - 5. Suppose -2*u = -k - 3*k + 10, 0 = q*k + u - 7. What is the units digit of 23/5 + k/5?
5
Suppose 61 = 5*f + 1. Let l = -19 + f. Let y = l - -13. What is the units digit of y?
6
Let f be (28/6)/(4/(-12)). Let s = -9 - f. Suppose 0 = s*u + 5*c - 30, 0*u + 9 = 2*u - c. What is the units digit of u?
5
Suppose -354 = -4*z - 3*l, 0 = -5*z + 2*z - 4*l + 262. What is the units digit of z?
0
Let o be -1 - 6*(-3)/2. Let r be 54/(-24) - (-2)/o. What is the units digit of r*1 + 3/1?
1
Let o be (-14 - -17)*116/(-6). What is the units digit of (-2)/(4/o) - -4?
3
Let d(a) = a**2 + a. Let f(l) = -4*l**3 - 4*l**2 - l. Let u(m) = -2*d(m) - f(m). Let v = 6 + -5. What is the units digit of u(v)?
5
Suppose -14*n + 5*n + 999 = 0. What is the tens digit of n?
1
Suppose 3*x - h - 147 = 2*h, 3*x - 4*h = 152. Suppose 5*w - 51 = x. What is the units digit of w?
9
Let u be 6/(-2) + 3*2. Suppose 0 = -u*c + 7*c - 76. What is the units digit of c?
9
Let w = 10 + -3. Let c = 11 - w. What is the units digit of c?
4
Let z(m) = -m**2 + 2*m**2 + m + 3*m + 4. Let h be z(-3). What is the units digit of 2*(h/1)/2?
1
Suppose 0*g - 5*g = -5*v + 230, -g - 132 = -3*v. What is the tens digit of v?
4
Suppose 3*k - 6 = -36. Let r = -5 - k. Suppose -i + 4*i + 7 = r*f, -2*i = -f. What is the units digit of f?
2
Let l be (1/(-2))/((-2)/(-4)). Let h be (l - (-3 - -2))/(-1). Suppose -3*u + 18 = -h*u. What is the units digit of u?
6
Suppose 3*d = 5*l - 662, l + 0*l - 2*d = 131. What is the tens digit of l?
3
Suppose 3*v + 0*v = 141. What is the units digit of v?
7
Suppose -3*h + 2*i = i - 11, 2*i = 4*h - 12. Suppose h*v + 0*v - 35 = 0. What is the units digit of v?
7
Suppose -2*w + 4*v = 2*w - 112, 3*v = -5*w + 148. Let l = 41 - w. What is the tens digit of l?
1
Let w(d) = -3*d**2 - 2*d + 2. Let b be w(2). What is the units digit of 1*(1 + 2 - b)?
7
Let j be (1 - 4)/(6/(-44)). Suppose 2*p + j = -2. Let u = p - -21. What is the units digit of u?
9
Let k = -1 + 3. Let i be 6/(-15) + k/5. Suppose l + 1 = z - i, -2*l + 28 = 4*z. What is the units digit of l?
4
What is the units digit of 6/2 - (-4)/(-6)*-87?
1
Let k(q) = -q**2 - 10*q - 12. Suppose -8 = -3*p - 32. What is the units digit of k(p)?
4
Let x = 210 - 88. Suppose 0*t + 4*y = 5*t - x, 20 = t - 3*y. What is the tens digit of t?
2
Suppose -w + 6*w - 110 = 0. What is the tens digit of w?
2
Let t(c) = 2*c - 5. Let w be t(5). Let s = -5 + w. Suppose 10 = -s*p + p. What is the units digit of p?
0
Let o(u) = 2*u**2 + 3*u - 13. What is the tens digit of o(-7)?
6
What is the units digit of ((-2)/(-3))/(2/9)?
3
Let g = -37 + 68. What is the tens digit of g?
3
Let b(l) = -l**2 + 8*l - 7. Let a be b(6). Let f be ((-2)/a)/(4/(-10)). Let q = f + 0. What is the units digit of q?
1
Let s be 15/2*(-8)/10. What is the units digit of 141/6 - 3/s?
4
Let j(l) = -49*l + 7. What is the tens digit of j(-2)?
0
Suppose -5*d - 2*l = -264 - 29, 5*d - 297 = -3*l. What is the tens digit of d?
5
What is the hundreds digit of (1964/8 - 1)*(-8)/(-12)?
1
Let n = 37 + -12. Suppose -2*t - n = -3*t. What is the tens digit of t?
2
Let s(h) = h + 1. Let k be s(1). Suppose 31 = 2*n + j, 3*n - k*n = -4*j + 26. What is the tens digit of n?
1
Let q = 3 - -12. Let k(y) = y. Let f be k(5). Suppose f*h - q - 7 = -4*z, h - 4*z = -10. What is the units digit of h?
2
Let k(p) = 4*p**2 - 16*p - 14. What is the units digit of k(10)?
6
Let f be (-3)/1 + 3 + 0. Suppose f = -4*i + 54 - 18. Let b = 3 + i. What is the tens digit of b?
1
Let j(b) be the third derivative of 0 - 1/6*b**3 - b**2 + 0*b - 7/120*b**6 - 1/24*b**4 + 0*b**5. What is the units digit of j(-1)?
7
Suppose 5*c - c = 172. What is the tens digit of c?
4
Let y(r) = -r**3 + 5*r**2 + r. Let l be (-3*10/(-6))/1. What is the units digit of y(l)?
5
Suppose -4*x - 85 = 3*y + 71, -3*x - 153 = 3*y. Let z be (1/(-2))/(1/y). Suppose z = p + p. What is the units digit of p?
2
Let p(o) = -o - 1. Let u(f) = f**2 + 2*f + 3. Let z(h) = 8*p(h) + 3*u(h). What is the units digit of z(2)?
9
Let r(u) = -6*u**3 - 2*u**2 - 2*u - 1. Let t be (4/6)/((-4)/6). What is the units digit of r(t)?
5
Let u(o) be the first derivative of -o**3/3 + o**2/2 + 6*o - 1. Let i be u(-5). Let b = -16 - i. What is the units digit of b?
8
Let f be (-2)/4 + (-279)/18. Let w = 4 - 8. Let i = w - f. What is the units digit of i?
2
Let d = 8 + -4. Suppose -m - n = 4 - 2, -d*n = 12. What is the units digit of m?
1
Suppose -4*a - 12 = -3*r, -2*r + 3*a + 15 = r. What is the units digit of r?
8
Let c = -22 - -253. What is the units digit of c?
1
Let u(a) = a**2 - 8*a. Let b be u(8). Let m be (1 - b)*196/4. Suppose f = 5*d - m, 4*d + 4*f - 20 = -0*d. What is the units digit of d?
9
Let h(i) = i**3 + 4*i**2 + 4*i + 2. Let g be h(-2). Suppose -g*x + 33 = -3. What is the units digit of x?
8
Suppose 2*h - 5 = 1. Suppose -f = h*f - 100. Suppose 10 = 3*v - 2*v + 4*a, -4*v + f = a. What is the units digit of v?
6
Let t be 19/4 - 1/(-4). Suppose -60 - 15 = -t*j. Suppose -3*z = -6 - j. What is the units digit of z?
7
Let x = 65 + -29. Suppose 2*y - 126 = -x. Let n = y + -30. What is the tens digit of n?
1
Let a be (308/42)/((-4)/6). What is the tens digit of (-1 + a)/(-3) + 24?
2
Let b = 31 + -10. What is the tens digit of b?
2
Let j b